*o - 4. What is i(-1)?
0
Let h be ((-4)/10)/(1/10). Let q(r) = -16032 + 4*r - 3*r**2 - r**3 + 32058 - 16031. Calculate q(h).
-5
Suppose -11*y + 49 - 16 = 0. Let h(d) = y - 5 - 3*d + d**2 - 4*d + d. What is h(6)?
-2
Let x(a) = 9*a**3 - 15*a**2 + 2*a - 3. Let h(n) = -2*n**3 + 2*n**2 - n. Let b(f) = 5*h(f) + x(f). Determine b(-5).
12
Let f(p) be the third derivative of p**4/6 - 13*p**3/6 + 60*p**2 - p. Determine f(8).
19
Let j(f) be the second derivative of f**4/12 + 11*f**3/6 + 6*f**2 - 8*f - 1. What is j(-11)?
12
Suppose -4*y + 3*v + v - 40 = 0, 0 = -5*y - 3*v - 50. Let s be 1*-2*(-5)/y. Let q be s/((-3)/(-6)) - 1. Let t(f) = f**2 + 3*f + 3. Give t(q).
3
Let q(l) = -l - 16. Let n be q(-18). Suppose -2*w + k - 4 = 0, 0*k + 3*k = n*w. Let r(x) = x**2 + 3*x + 1. Determine r(w).
1
Let o(y) = 433*y + 4 + 423*y - 854*y. Calculate o(-3).
-2
Let d(g) = -g**3 - 4*g**2 - 3*g + 2. Suppose 0 = 3*m - 6, -5*b + 12 = 2*m - 7. Suppose 2*f + 2*u = 4, f - u - b*u = -23. What is d(f)?
2
Let l(f) = 2*f - 6 + 6*f + f**2 + 8 + 2. Calculate l(-7).
-3
Let o(q) = 2*q**2 + 3*q. Let a be o(-2). Let v = 3 + a. Let x(d) = -v + 3*d + 5 + 4. Give x(4).
16
Let n = 794 - 790. Let u(j) be the first derivative of j**2 - j - 1. What is u(n)?
7
Let w(f) = 21*f + f**2 - 59*f + 24*f + 23*f + 7. What is w(-10)?
17
Let c(d) = -d**2 - 5*d - 3. Suppose 2*v + 35 = 29. What is c(v)?
3
Let n(t) = t + 2. Let x be n(0). Let c be x/(-4)*(0 - 4). Let q(z) = 1 + z**3 + 6*z**2 - c*z**3 - z**2. Determine q(5).
1
Let l(a) be the third derivative of -a**6/120 + a**5/20 - a**4/12 + a**3/2 - 2*a**2 + 3*a. Give l(3).
-3
Let s be (3 - -3) + -4 + -8. Let r be (-18)/(s/2) - 4. Let t(q) = 2 + 0*q**r - q**2 + 1 - 1. Calculate t(4).
-14
Let w(m) = m**3 + 6*m**2 - 55*m - 1. Let f be w(5). Let g(x) = -27*x**3 - x**2 - x. Give g(f).
27
Let o = 40 - 35. Let x(u) = 3*u + 13 - 4 + 3*u - o*u. Determine x(-4).
5
Let x = -13 - -19. Suppose -x*j + 2*j = -20. Let h(w) = w - 6. Determine h(j).
-1
Suppose -2*y = 2*z + 8, 0 = -2*y + 6*y - 3*z + 37. Let q(i) = -i**3 - 8*i**2 - 9*i - 6. What is q(y)?
8
Let u(w) be the first derivative of 2*w**2 + 13*w - 512. What is u(-2)?
5
Let o(p) be the third derivative of -p**5/60 - p**4/8 + 5*p**3/2 + 204*p**2 - 1. Give o(-6).
-3
Let w(c) be the second derivative of c**4/4 + c**2/2 - 2*c + 326. Let a(q) = q**2 - 1. Let x be a(0). Calculate w(x).
4
Let n(w) = -w**3 + 7*w**2 - 8*w + 8. Let g = 0 + -2. Let o = -236 - -229. Let i be o - -14 - g/(-2). Determine n(i).
-4
Suppose 3*x + 1 - 13 = -4*n, 9 = 3*n + x. Let g(c) = 9*c + 2. Determine g(n).
29
Let c = -110 + 112. Suppose -a + 13 = c*g + g, 0 = -g + 4*a + 13. Let q(s) = -s**2 + 3*s + 5. What is q(g)?
-5
Let f(r) = r - 23. Suppose 4*b - 110 = -2*o, -17*o - 38 = -b - 14*o. Calculate f(b).
6
Suppose -82*j - 72 = -94*j. Let z(g) = -g**2 + 5*g + 13. What is z(j)?
7
Let v(l) be the third derivative of -l**4/8 - 7*l**3/6 + 2*l**2. Let s be v(-3). Let d be (2 + -1)/(1 - s). Let j(g) = -5*g**2 - 2*g - 1. Give j(d).
-4
Let i(m) = -m + 5*m**2 - 6*m - 6*m**2 + 3*m. Let o(f) be the third derivative of f**4/24 - 2*f**3 + 8*f**2. Let a be o(8). Calculate i(a).
0
Let l(u) = -u**3 - u + 3. Let b be l(0). Suppose 6 = -b*f + 4*s, 2*s - 7 = 5*f + 3. Let v(p) = -5 + 2*p + 9 + 9 - 11. What is v(f)?
-2
Let k(r) = 3*r**3 + 19*r**2 - 16*r. Let g(q) = -q**3 - 9*q**2 + 8*q. Let o be -5 - 0/(4 - 2). Let j(l) = o*g(l) - 2*k(l). Calculate j(6).
-12
Suppose 2*x = -5*u - 3*x + 5, -5*u + 21 = x. Let b(f) = f**3 - 7*f**2 + 4*f + 10. Let j(s) = s**2 - s - 3. Let p(c) = b(c) + j(c). What is p(u)?
-3
Let m = 12 - 9. Suppose -3*z + m = -0. Let u(o) = -2 + 18*o**3 + 6*o - 16*o**3 + 1 + o**2 - 5*o. Determine u(z).
3
Let f = 3 + -1. Let p be (-3 - (-2 - -2))/(-1). Let v(l) = 17 - 17 - p*l. Give v(f).
-6
Suppose 5*h + 3 = -2, 0 = 2*b + 4*h - 4. Let v(l) = -8*l**2 + 38*l + 12. Let c(k) = 3*k**2 - 13*k - 4. Let m(n) = b*v(n) + 11*c(n). Calculate m(-9).
4
Let a(r) = -45*r - 2. Let t be a(-2). Let w(b) = 2*b**2 + b + t - 88. Suppose 3*v + 3*c - 3 = 2*c, 4*v - 2*c - 4 = 0. Give w(v).
3
Let m(r) = r**3 + 4*r**2 + 3*r + 4. Suppose t = 2*n - 4, 0 = -3*t - 3*n - 2*n + 21. Suppose -2*x - t = -3*x. Let w be 1/(-2) - 5/x. What is m(w)?
4
Let p(n) be the third derivative of n**4/24 + n**3/3 - 60*n**2. Suppose -5*d = 14 + 21. Calculate p(d).
-5
Let p be -1 + 0 + 3 + 3. Suppose -p*h + 29 - 9 = 0. Let x(w) = -w + w**2 + 5 - 4*w + 1. Give x(h).
2
Suppose -2*h + 4*h - 5*k = 13, -4*k + 68 = 4*h. Let o(l) = 2*l - 17. Calculate o(h).
11
Let d = 3 + 1. Let g(l) = -2*l + 1427*l**2 + 1432*l**2 + 1 - 4284*l**2 + 1426*l**2. Give g(d).
9
Let m(j) = 2 - j**2 + 1 + 2*j - j. Let t = 7735 + -7738. What is m(t)?
-9
Let n = 24 - 21. Suppose -n*b = h + 3*h, 4*h + 32 = 5*b. Suppose 3*a - c - 21 = 0, b*a - 19 = -4*c + 9. Let o(t) = t**2 - 7*t - 1. Determine o(a).
-1
Let u(z) = 3*z**2 - 6*z + 2. Let l(y) = -y**2 + y. Let j(c) = -4*l(c) - u(c). Let v(m) = m**2 + 12*m + 16. Let x be v(-10). What is j(x)?
6
Let x(r) = 3*r**2 - 13*r - 14. Let b(c) = -2*c**2 + 7*c + 8. Let i(f) = 5*b(f) + 3*x(f). Let k(g) = g**2 + 4*g + 2. Let l(w) = -4*i(w) - 5*k(w). Give l(-3).
1
Let r(w) = 5 - 4 - 6*w - w - 15. Let d(i) = -20*i - 42. Let l = 8 - 2. Let p(m) = l*d(m) - 17*r(m). What is p(0)?
-14
Let k(v) = 4*v - 6 + 4 + v**2 - 1 - 2. Let h = -8 - -18. Let t(i) = i - 14. Let m be t(h). What is k(m)?
-5
Suppose -4*x + 4 = -16. Suppose i + 3*j = -x, 3*j + 1 = i - 6. Let a be ((-27)/(-36))/(i/(-8)). Let u(t) = -t**2 - 5*t - 2. Determine u(a).
-8
Let y(b) be the first derivative of b**2 + 7*b + 26. What is y(-6)?
-5
Let j(f) be the second derivative of -f**4/12 + f**3 + 3*f**2/2 + 9*f. Let k(w) = -w + 5. Let h be k(6). Let i be 4 + (0 + h - -2). Calculate j(i).
8
Let z be 27/(-72) + 118/16. Suppose 7*r - 3*r + 12 = -4*g, 0 = -2*r - g - z. Let u(y) = y - 1. Let k(w) = 4. Let t(c) = -k(c) + u(c). Determine t(r).
-9
Let d(q) = -4*q - 2 + 12*q + q + 1. Suppose 0 - 4 = 2*g + 2*s, 3*g + 2*s + 3 = 0. What is d(g)?
8
Let w = -24 + 30. Let y(s) = -11*s - 2. Let t(l) = 5*l + 1. Let h(f) = 9*t(f) + 4*y(f). Determine h(w).
7
Let k(u) = 12*u + 0*u + 3 + 9*u**2 - 3*u**2 - 8*u**2 + 4*u. Determine k(8).
3
Let y(q) = -180*q**3 + 2*q - 5*q**2 + 5 + 8 + 181*q**3 - 6. Determine y(3).
-5
Let c(q) = 39*q - 43. Let k(v) = 25*v - 28. Let a(z) = -5*c(z) + 8*k(z). Calculate a(6).
21
Let x(v) be the third derivative of v**6/720 - v**5/24 - 5*v**4/24 + 16*v**2. Let k(b) be the second derivative of x(b). Determine k(0).
-5
Let y = 45849 + -45850. Let s(n) = -n**3 - 3. Let d(h) = -4*h**3 - 11. Let o(c) = -6*d(c) + 22*s(c). Calculate o(y).
-2
Let q(d) = -3*d**3 + 15*d**2 + 6*d - 11. Let f(n) = 3*n + 3*n**2 + 3 + 0*n**2 - 8 - n**3 + 4*n**2. Let z(u) = -5*f(u) + 2*q(u). Give z(-4).
-1
Let g(d) = 732*d**2 - 1436*d**2 - d**3 + 707*d**2 - 2*d. Give g(4).
-24
Let i(m) = 5 + 14*m - 3 - 12*m - m**2 + 0. Determine i(-3).
-13
Let q(u) = -u**2 - 21*u + 36. Let g be q(-22). Let y(j) = j**2 - 12*j - 25. What is y(g)?
3
Let p(o) be the third derivative of -o**4/12 + 5*o**3/6 - o**2. Suppose 3*j = -5*u + 30, -4*u - 3*j + 24 = -0*u. Give p(u).
-7
Suppose -z + 2 - 27 = 0. Let f be 1 + -2 + 1 + z/(-5). Let l(u) = u**3 - 3*u**2 - 5*u - 5. Calculate l(f).
20
Suppose 5*w = -3*q + 9, 2*w - 11 = q - w. Let u(y) be the first derivative of -1/4*y**4 - 1/3*y**3 - 1/2*y**2 + 2*y - 5. Give u(q).
8
Suppose -2*k + 6*k = -12, -5*u + 4*k = -37. Let c(m) be the first derivative of -m**4/4 + 4*m**3/3 + 2*m**2 + 6*m + 1104. Calculate c(u).
1
Let j(i) = i**2 - 46*i + 519. Let m be j(25). Let s(w) = 3 - 2 + 8 + 2*w. Give s(m).
-3
Let z be (-25 + (2 - -1))/(-2). Suppose z = -2*s + 3. Let r(f) be the third derivative of f**4/24 + 3*f**3/2 + f**2. What is r(s)?
5
Let h(t) = -t**2 - 9*t + 3. Let z be h(-9). Suppose -10*o - 35 = -z*o. Let k(v) = -11*v - 5. Let x(m) = -6*m - 2. Let u(r) = 3*k(r) - 5*x(r). Give u(o).
10
Let i be (-2)/(-5) - (-46)/(-115). Suppose i*h = 4*h - p - 57, -p = -h + 12. Let s(x) = -8 + 2*x - x + h. What is s(-7)?
0
Let a(r) = r**3 + 5*r**2 - 8*r - 5. Let f be ((-11)/((-77)/(-6)))/((-6)/(-42)). Calculate a(f).
7
Suppose l = 3*v + 2*l + 23, -2*l = v + 6. Let x(a) = -3*a + 11. Calculate x(v).
35
Suppose 20*c = 2 - 82. Let n(d) = -d**2 + 7*d - 5. Let u be n(5). Let p(i) = i - u + 2 